{"id":2,"date":"2014-02-04T15:08:29","date_gmt":"2014-02-04T15:08:29","guid":{"rendered":"http:\/\/mosel-wein-ferienhaus.de\/?page_id=2"},"modified":"2021-05-06T20:58:29","modified_gmt":"2021-05-06T20:58:29","slug":"sample-page","status":"publish","type":"page","link":"https:\/\/mosel-wein-ferienhaus.de\/","title":{"rendered":"Willkommen"},"content":{"rendered":"<p><a href=\"http:\/\/mosel-wein-ferienhaus.de\/wp-content\/uploads\/2014\/02\/HausWeirich-1.jpg\" rel=\"attachment wp-att-4\"><img decoding=\"async\" loading=\"lazy\" class=\"alignnone size-large wp-image-4\" src=\"http:\/\/mosel-wein-ferienhaus.de\/wp-content\/uploads\/2014\/02\/HausWeirich-1-1024x671.jpg\" alt=\"HausWeirich-1.jpg\" width=\"600\" height=\"393\" srcset=\"https:\/\/mosel-wein-ferienhaus.de\/wp-content\/uploads\/2014\/02\/HausWeirich-1-1024x671.jpg 1024w, https:\/\/mosel-wein-ferienhaus.de\/wp-content\/uploads\/2014\/02\/HausWeirich-1-300x196.jpg 300w, https:\/\/mosel-wein-ferienhaus.de\/wp-content\/uploads\/2014\/02\/HausWeirich-1-624x409.jpg 624w\" sizes=\"(max-width: 600px) 100vw, 600px\" \/><\/a><br \/>Herzlich willkommen im Wein- und Ferienhaus J\u00f6rg Weirich!<\/p>\n<p>Vielen Dank f\u00fcr Ihr Interesse an unserem Wein- &amp; Ferienhaus im Herzen der Ferienregion Mosel. Unser Haus befindet Stadtteil Andel, nur ca. 2,5 km entfernt von der historischen Altstadt von Bernkastel-Kues. Unsere modern ausgestatteten Ferienunterk\u00fcnfte bieten gem\u00fctliche Atmosph\u00e4re und die M\u00f6glichkeit zur Erholung vom stressigen Alltag. Aber auch die Kleinsten finden bei uns diverse M\u00f6glichkeiten zum spielen.<\/p>\n<p>In unserem historischen Gew\u00f6lbekeller k\u00f6nnen Sie unsere fruchtigen und qualitativ hochwertigen Moselweine verkosten und einkaufen. Nat\u00fcrlich k\u00f6nnen Sie auch unseren Weinshop auf dieser Seite besuchen und schonmal ein Probepaket f\u00fcr zu Hause bestellen.<\/p>\n<p>Wir w\u00fcnschen Ihnen viel Vergn\u00fcgen.<\/p>\n<p>Ihre Gastgeberfamilie Weirich<\/p>\n<p><a href=\"http:\/\/mosel-wein-ferienhaus.de\/wp-content\/uploads\/2018\/01\/IMG_2554.jpg\"><img decoding=\"async\" loading=\"lazy\" class=\"alignnone size-large wp-image-677\" src=\"http:\/\/mosel-wein-ferienhaus.de\/wp-content\/uploads\/2018\/01\/IMG_2554-600x600.jpg\" alt=\"\" width=\"600\" height=\"600\" srcset=\"https:\/\/mosel-wein-ferienhaus.de\/wp-content\/uploads\/2018\/01\/IMG_2554-600x600.jpg 600w, https:\/\/mosel-wein-ferienhaus.de\/wp-content\/uploads\/2018\/01\/IMG_2554-150x150.jpg 150w, https:\/\/mosel-wein-ferienhaus.de\/wp-content\/uploads\/2018\/01\/IMG_2554-180x180.jpg 180w, https:\/\/mosel-wein-ferienhaus.de\/wp-content\/uploads\/2018\/01\/IMG_2554-768x767.jpg 768w, https:\/\/mosel-wein-ferienhaus.de\/wp-content\/uploads\/2018\/01\/IMG_2554.jpg 1022w\" sizes=\"(max-width: 600px) 100vw, 600px\" \/><\/a><\/p>\n\n\n<p><\/p>\n","protected":false},"excerpt":{"rendered":"<p>Herzlich willkommen im Wein- und Ferienhaus J\u00f6rg Weirich! Vielen Dank f\u00fcr Ihr Interesse an unserem Wein- &amp; Ferienhaus im Herzen der Ferienregion Mosel. Unser Haus befindet Stadtteil Andel, nur ca. 2,5 km entfernt von der historischen Altstadt von Bernkastel-Kues. Unsere modern ausgestatteten Ferienunterk\u00fcnfte bieten gem\u00fctliche Atmosph\u00e4re und die M\u00f6glichkeit zur Erholung vom stressigen Alltag. Aber &hellip; <a href=\"https:\/\/mosel-wein-ferienhaus.de\/\" class=\"more-link\"><span class=\"screen-reader-text\">Willkommen<\/span> weiterlesen <span class=\"meta-nav\">&rarr;<\/span><\/a><\/p>\n","protected":false},"author":1,"featured_media":0,"parent":0,"menu_order":0,"comment_status":"closed","ping_status":"closed","template":"","meta":[],"_links":{"self":[{"href":"https:\/\/mosel-wein-ferienhaus.de\/index.php?rest_route=\/wp\/v2\/pages\/2"}],"collection":[{"href":"https:\/\/mosel-wein-ferienhaus.de\/index.php?rest_route=\/wp\/v2\/pages"}],"about":[{"href":"https:\/\/mosel-wein-ferienhaus.de\/index.php?rest_route=\/wp\/v2\/types\/page"}],"author":[{"embeddable":true,"href":"https:\/\/mosel-wein-ferienhaus.de\/index.php?rest_route=\/wp\/v2\/users\/1"}],"replies":[{"embeddable":true,"href":"https:\/\/mosel-wein-ferienhaus.de\/index.php?rest_route=%2Fwp%2Fv2%2Fcomments&post=2"}],"version-history":[{"count":40,"href":"https:\/\/mosel-wein-ferienhaus.de\/index.php?rest_route=\/wp\/v2\/pages\/2\/revisions"}],"predecessor-version":[{"id":1004,"href":"https:\/\/mosel-wein-ferienhaus.de\/index.php?rest_route=\/wp\/v2\/pages\/2\/revisions\/1004"}],"wp:attachment":[{"href":"https:\/\/mosel-wein-ferienhaus.de\/index.php?rest_route=%2Fwp%2Fv2%2Fmedia&parent=2"}],"curies":[{"name":"wp","href":"https:\/\/api.w.org\/{rel}","templated":true}]}}